, what is -41 + 7841a1?
784160
In base 4, what is -103300 + -233103310?
-233213210
In base 5, what is -40413313333 + -10?
-40413313343
In base 7, what is 5310612111 - 3?
5310612105
In base 4, what is 2231211001322 - 0?
2231211001322
In base 7, what is -1024554146 - -5?
-1024554141
In base 14, what is cb + 2cb6a8?
2cb795
In base 6, what is 212353 + 25345?
242142
In base 9, what is 3 + -502334620?
-502334616
In base 13, what is c43487 + -63?
c43424
In base 12, what is -a0b877 - 1a?
-a0b895
In base 3, what is -10111 + 110221002?
110210121
In base 7, what is 53 - 1133213?
-1133130
In base 6, what is 142420514 - -221?
142421135
In base 14, what is -6d8 - 3ab7c?
-3b476
In base 9, what is 2064821 + 272?
2065203
In base 14, what is 3c8 - -12cc3?
132ab
In base 5, what is 2 + -110000110343?
-110000110341
In base 9, what is 603164725 - -1?
603164726
In base 12, what is 318ba95 - 15?
318ba80
In base 6, what is 1020 - -4141143?
4142203
In base 2, what is -10100110001101110010011 - 10011?
-10100110001101110100110
In base 2, what is -100111001010111010010000 - -1?
-100111001010111010001111
In base 7, what is 14 + -46656464?
-46656450
In base 13, what is -b3c + 28b?
-881
In base 3, what is 120212221221 - 10?
120212221211
In base 7, what is -2341252040 + 0?
-2341252040
In base 3, what is 10 + 1022102101012002?
1022102101012012
In base 3, what is 1 - 11001020002120122?
-11001020002120121
In base 3, what is 11 - -1122221201001020?
1122221201001101
In base 11, what is -53654 - 56?
-536aa
In base 4, what is 2333 - 221310233?
-221301300
In base 4, what is -103311222 - -1100?
-103310122
In base 2, what is -10100010 - 100001101000010?
-100001111100100
In base 2, what is 101011101101010010010 + 10?
101011101101010010100
In base 5, what is -412 + 410100223?
410044311
In base 2, what is 1 - -1011111100111011110111100?
1011111100111011110111101
In base 7, what is -44341 - 5546?
-53220
In base 14, what is 127c - 1cd01?
-1ba63
In base 8, what is -60721 - -717?
-60002
In base 5, what is -34210 + -4041013?
-4130223
In base 3, what is 12021020 - 2220?
12011100
In base 9, what is 4373732 + -6?
4373725
In base 3, what is -20101 - 101010120?
-101100221
In base 2, what is 1000100001011 + -1011010?
1000010110001
In base 2, what is -111100111 + -11010011001011101?
-11010100001000100
In base 8, what is 56 - -2500144?
2500222
In base 8, what is -4762 + 223?
-4537
In base 7, what is 6101236 + 210?
6101446
In base 7, what is -6 - 6151501?
-6151510
In base 12, what is -2ba16 + 1148?
-2a88a
In base 15, what is 204ab - -189c?
21d58
In base 12, what is -3020536 - 3?
-3020539
In base 9, what is 4 - 1464786?
-1464782
In base 8, what is 17477 - 673?
16604
In base 4, what is 13212 - -211220023?
211233301
In base 4, what is 0 - 2103021301300?
-2103021301300
In base 13, what is -4a097 - -43?
-4a054
In base 5, what is -10 - -240221021?
240221011
In base 14, what is -12ca0 + -cb?
-12d8b
In base 7, what is -2 + -132535161?
-132535163
In base 15, what is 12 + -25bbd8?
-25bbc6
In base 13, what is -893b2 - 17?
-893c9
In base 10, what is 3 + 49285804?
49285807
In base 2, what is -1111011 + -101110101110001011?
-101110110000000110
In base 9, what is -11 - 11262027?
-11262038
In base 13, what is -22582 - -3?
-2257c
In base 7, what is 13063 + -110420?
-64324
In base 8, what is -5 - -27427144?
27427137
In base 11, what is -283613 + -33?
-283646
In base 2, what is -1101011 + 1100111101000101101101?
1100111101000100000010
In base 16, what is -f0 - -aaab2?
aa9c2
In base 7, what is -21 - 2055453?
-2055504
In base 16, what is 3 - -79d41a?
79d41d
In base 10, what is -238159 + 11?
-238148
In base 9, what is -12016118 - 0?
-12016118
In base 8, what is -2555461366 + 4?
-2555461362
In base 10, what is 7 - 9031323?
-9031316
In base 5, what is -12200104213 + 1?
-12200104212
In base 15, what is 154 - 7641?
-74dc
In base 12, what is -2b86 - 336?
-3300
In base 6, what is -551 + 132552200?
132551205
In base 9, what is -12871710 - 5?
-12871715
In base 12, what is b - 36093ba?
-36093ab
In base 15, what is 17 - -da5dd?
da605
In base 11, what is 0 - -17812293?
17812293
In base 12, what is -1567 - 2a86?
-4431
In base 7, what is 1 + 1655200015?
1655200016
In base 16, what is -427 + -1be0?
-2007
In base 12, what is -19 - a3760?
-a3779
In base 16, what is -8 - 96ea24?
-96ea2c
In base 8, what is -35 - 2155201?
-2155236
In base 13, what is -2 + -77bb4?
-77bb6
In base 8, what is -2633 - -20201?
15346
In base 14, what is 27738bc + 24?
2773902
In base 4, what is 3313212233 + -10?
3313212223
In base 15, what is d - 116ca?
-116bc
In base 3, what is -2201121011120 - -1021211?
-2201112212202
In base 6, what is -123443534 + -211?
-123444145
In base 10, what is 813 + -100111?
-99298
In base 12, what is -a4a3 - 59a?
-aa81
In base 8, what is 6044 - -17017?
25063
In base 13, what is -2a14a19b + 0?
-2a14a19b
In base 13, what is -3 + -5b6335?
-5b6338
In base 9, what is 1858 - 863?
885
In base 9, what is -208 - 52771?
-53080
In base 7, what is -1536 - -60365?
55526
In base 8, what is 2754 - 73647?
-70673
In base 4, what is 100022332 - 103122?
33313210
In base 14, what is 63b + 20a17?
21254
In base 16, what is 114 - 158e4?
-157d0
In base 15, what is -4 + 13c769?
13c765
In base 3, what is 202122110002022 - 1?
202122110002021
In base 13, what is 6 + -32514?
-3250b
In base 9, what is -4074 + 73643?
68558
In base 8, what is -4 + 4367444?
4367440
In base 11, what is 191137 - -56?
191192
In base 7, what is 4454353641 - -4?
4454353645
In base 15, what is -4 - -2ec193?
2ec18e
In base 3, what is 211 + 21012201110?
21012202021
In base 10, what is -22552 + 783?
-21769
In base 10, what is -19526722 - -1?
-19526721
In base 3, what is 12022011 + -211121102?
-122022021
In base 12, what is 352805458 + -1?
352805457
In base 2, what is 11 + -1100001101101000110110?
-1100001101101000110011
In base 16, what is 4 + -3712fc?
-3712f8
In base 9, what is -6 - -26036755?
26036748
In base 6, what is -352210543 - -1?
-352210542
In base 3, what is -1000211012 - 1202100221?
-2210012010
In base 2, what is 11 + 10100110100100000001111?
10100110100100000010010
In base 11, what is 106927 + 85?
106a01
In base 2, what is 100010011011111111101001 - 101?
100010011011111111100100
In base 13, what is -1179 - -911?
-568
In base 6, what is -3333023133 - 51?
-3333023224
In base 5, what is -32 - -11242040404?
11242040322
In base 6, what is -1020 + 5155203?
5154143
In base 10, what is -308451403 + 0?
-308451403
In base 8, what is -6637 - -12320?
3461
In base 5, what is 2 + 22222124?
22222131
In base 14, what is -34a72643 - 1?
-34a72644
In base 10, what is -10419658 - -5?
-10419653
In base 12, what is 2a0a566 + -1?
2a0a565
In base 12, what is 3a068223 - 11?
3a068212
In base 4, what is -10 - 1032223?
-1032233
In base 3, what is 201 + 21100011100?
21100012001
In base 12, what is -61 - 3168027?
-3168088
In base 4, what is 1123203120 - -100?
1123203220
In base 5, what is -101123 - 10300442?
-10402120
In base 10, what is -1435611 - 7?
-1435618
In base 4, what is -20 - -120320210?
120320130
In base 5, what is -33 - 1002202241?
-1002202324
In base 7, what is 15025301 + -15?
15025253
In base 7, what is 44 + 56434560?
56434634
In base 3, what is 2120012111 - -212022?
2121001210
In base 13, what is a1 - 3020b9?
-302018
In base 6, what is -5 - -133533200?
133533151
In base 10, what is 8605256 + -3?
8605253
In base 16, what is -54193bca - -2?
-54193bc8
In base 11, what is -1058132 + 59?
-1058084
In base 9, what is 60 + 3787352?
3787422
In base 13, what is 12373b + -64?
1236a7
In base 3, what is 12021111210211 - 0?
12021111210211
In base 3, what is 100 + -200220002221021021?
-200220002221020221
In base 14, what is -2a69aa81 - 1?
-2a69aa82
In base 9, what is -45888771 + -5?
-45888776
In base 15, what is 13 - -1a7c7?
1a7da
In base 9, what is 8362 + -20824?
-11452
In base 9, what is 1 - -3812254?
3812255
In base 10, what is -167929 + 789?
-167140
In base 14, what is -1 + 3465a7c?
3465a7b
In base 16, what is d6b19 - -1?
d6b1a
In base 12, what is -319041 + 227?
-318a16
In base 3, what is -1021201 + -111101201000?
-111102222201
In base 5, what is 130341 - 14?
130322
In base 8, what is 2 + 163242431?
163242433
In base 2, what is 101 - 10110111000011010000101?
-10110111000011010000000
In base 11, what is 3a8